
11
Calculate the greatest common factor of 2 and 61862.
2
Calculate the greatest common factor of 1507 and 19865.
137
What is the highest common divisor of 7967 and 1860?
31
What is the greatest common divisor of 78770 and 350?
10
Calculate the highest common factor of 373322 and 219.
73
Calculate the highest common divisor of 376 and 226.
2
Calculate the greatest common factor of 5152 and 945.
7
Calculate the highest common divisor of 130 and 24011.
13
What is the highest common factor of 58153 and 11?
1
What is the greatest common factor of 7074 and 90521?
131
What is the greatest common divisor of 1521 and 927303?
507
Calculate the highest common divisor of 9071 and 423.
47
What is the highest common factor of 97760 and 50713?
611
What is the greatest common divisor of 14 and 21737114?
14
Calculate the greatest common factor of 273 and 66794.
91
Calculate the greatest common divisor of 3744437 and 1258.
629
Calculate the highest common factor of 177 and 88323.
177
Calculate the greatest common factor of 55074 and 67.
67
Calculate the highest common factor of 12 and 880212.
12
Calculate the highest common factor of 18230 and 2630.
10
What is the highest common factor of 318 and 89517?
159
What is the highest common factor of 10230 and 2945?
155
What is the greatest common divisor of 1664775 and 7?
7
Calculate the greatest common factor of 899656 and 856.
856
Calculate the greatest common factor of 48 and 44292.
12
Calculate the greatest common factor of 89984 and 34447.
703
What is the greatest common factor of 2080 and 12800?
160
Calculate the highest common factor of 24302 and 406.
58
Calculate the greatest common factor of 302022 and 1197.
63
What is the highest common factor of 165 and 14610?
15
What is the highest common factor of 18938 and 5013?
557
Calculate the highest common factor of 67 and 16692581.
67
Calculate the greatest common divisor of 322 and 170338.
322
What is the greatest common factor of 994734 and 81?
27
Calculate the highest common factor of 8801 and 6695.
13
What is the highest common factor of 612 and 12924?
36
What is the greatest common factor of 8355 and 7815?
15
What is the greatest common divisor of 2 and 11678?
2
What is the greatest common divisor of 109494 and 11781?
693
What is the highest common divisor of 52 and 38155?
13
What is the highest common divisor of 28398 and 1056?
6
What is the greatest common divisor of 325 and 20925?
25
What is the greatest common divisor of 3 and 28218?
3
Calculate the greatest common factor of 22 and 269819.
11
Calculate the highest common divisor of 405 and 101925.
135
What is the highest common divisor of 40619 and 906?
151
Calculate the highest common factor of 10174119 and 69.
69
Calculate the greatest common factor of 884124 and 123.
123
Calculate the greatest common factor of 218581 and 110.
11
Calculate the greatest common factor of 1780137 and 162.
81
What is the greatest common divisor of 1935 and 11782?
43
What is the greatest common divisor of 232 and 215499?
29
Calculate the greatest common factor of 5040293 and 557.
557
Calculate the greatest common factor of 68238 and 4590.
306
Calculate the highest common divisor of 34235 and 7175.
205
What is the greatest common divisor of 3438298 and 290?
58
What is the highest common divisor of 37440 and 50880?
960
What is the highest common factor of 491900 and 300?
100
What is the highest common factor of 67 and 719714?
67
Calculate the greatest common divisor of 5692 and 5386055.
1423
Calculate the highest common factor of 4524 and 58.
58
Calculate the greatest common factor of 3157 and 187165.
451
Calculate the greatest common divisor of 5 and 55933.
1
What is the greatest common divisor of 7115 and 25?
5
Calculate the greatest common divisor of 848 and 112.
16
Calculate the greatest common factor of 38130 and 1025.
205
Calculate the highest common divisor of 776 and 242694.
194
Calculate the highest common divisor of 598 and 201825.
299
What is the greatest common divisor of 7138755 and 13?
13
What is the greatest common factor of 157013 and 2?
1
Calculate the greatest common divisor of 469780 and 2656.
332
Calculate the highest common factor of 14329 and 1449.
161
What is the highest common divisor of 1868060 and 2300?
460
What is the greatest common divisor of 26598 and 132?
66
Calculate the greatest common factor of 12 and 2008.
4
Calculate the greatest common divisor of 471529 and 17.
17
Calculate the greatest common divisor of 332 and 21165.
83
What is the highest common factor of 15476 and 35828?
212
Calculate the greatest common divisor of 7 and 594041.
7
What is the highest common divisor of 2538 and 204732?
846
Calculate the greatest common divisor of 2736 and 18126.
342
What is the highest common divisor of 253605 and 4664?
583
What is the highest common divisor of 10 and 42695?
5
Calculate the greatest common divisor of 3185 and 26705.
245
What is the highest common divisor of 23196 and 8?
4
Calculate the highest common divisor of 227 and 624931.
227
Calculate the greatest common divisor of 35502 and 7686.
366
What is the highest common factor of 15810 and 5952?
186
What is the highest common divisor of 11001 and 9348?
57
Calculate the highest common divisor of 825771 and 3365.
673
What is the greatest common divisor of 768 and 3272?
8
What is the greatest common divisor of 5 and 200225?
5
What is the greatest common factor of 4375338 and 33?
33
Calculate the highest common factor of 206 and 295198.
206
Calculate the highest common factor of 74 and 7.
1
Calculate the greatest common factor of 178445 and 3115.
445
Calculate the greatest common divisor of 49167 and 77089.
607
What is the greatest common factor of 1344408 and 13?
13
Calculate the greatest common divisor of 153540 and 360.
180
What is the greatest common factor of 114189 and 459?
51
Calculate the greatest common factor of 4623 and 139427.
67
Calculate the highest common factor of 102256 and 14.
14
What is the greatest common factor of 180 and 8130?
30
Calculate the greatest common divisor of 825 and 2255.
55
Calculate the greatest common factor of 1117 and 22.
1
What is the greatest common factor of 100628 and 1100?
44
What is the greatest common divisor of 3664 and 6234296?
1832
Calculate the greatest common factor of 4263106 and 114.
38
What is the greatest common factor of 582 and 318?
6
What is the highest common divisor of 6 and 267?
3
Calculate the highest common factor of 1428 and 42156.
12
What is the greatest common factor of 98 and 1071826?
98
What is the highest common divisor of 109275 and 600?
75
What is the highest common factor of 854 and 6405?
427
Calculate the greatest common factor of 632 and 250351.
79
Calculate the highest common divisor of 8343 and 243.
81
Calculate the highest common factor of 1152 and 207.
9
Calculate the greatest common factor of 27830 and 230.
230
What is the highest common factor of 129 and 2715364?
43
What is the greatest common factor of 7073 and 220?
11
Calculate the greatest common factor of 430 and 16743340.
430
What is the greatest common divisor of 63 and 22043?
7
What is the greatest common divisor of 175824 and 4576?
176
What is the highest common divisor of 570 and 37278?
114
What is the highest common factor of 16308 and 342?
18
What is the greatest common factor of 645904 and 11376?
1264
What is the greatest common factor of 1163 and 312847?
1163
What is the greatest common divisor of 1449 and 256611?
69
What is the greatest common divisor of 2842 and 8323?
203
What is the greatest common factor of 485139 and 207?
69
What is the highest common divisor of 65888 and 29696?
928
Calculate the highest common factor of 8 and 1199084.
4
What is the greatest common divisor of 6561 and 2592?
81
Calculate the highest common divisor of 1526 and 149984.
218
What is the highest common factor of 806 and 39143?
13
What is the highest common factor of 2160 and 71172?
108
What is the highest common factor of 528271 and 31?
31
Calculate the greatest common divisor of 5920 and 68450.
370
What is the highest common divisor of 1180 and 33984?
236
Calculate the highest common divisor of 4864 and 8284.
76
What is the greatest common divisor of 365286 and 138?
138
Calculate the highest common divisor of 123